t y be k(-16). Calculate the highest common divisor of y and 333.
9
Let x = 805 + -292. What is the highest common factor of x and 19?
19
Suppose 0 = 8*i + 2597 - 7381. What is the highest common factor of 46 and i?
46
Let f = 116 - 71. Calculate the highest common factor of 30 and f.
15
Let b(d) = 2*d**2 + 8*d - 15. Let m be b(-22). Calculate the highest common divisor of 21 and m.
21
Let h(a) = -27 + 11 - 7*a**2 + 8*a**2. Let z be h(-9). Calculate the greatest common divisor of 26 and z.
13
Let x = -278 - -294. Calculate the greatest common factor of 40 and x.
8
Let z(o) = o**3 + 13*o**2 + 4. Let p = -2 + -11. Let w be z(p). Let t(n) = n**3 - 3*n**2 - 2. Let h be t(w). What is the highest common divisor of h and 70?
14
Let m be (7/(-14))/((-1)/118). Let i be -1 - -2 - (0 - m). Calculate the greatest common divisor of 20 and i.
20
Let u be (1 + 2)/(6/10). Suppose u*o - z - 3 - 8 = 0, z + 1 = 0. Suppose -4 = -o*c + 14. Calculate the greatest common divisor of 18 and c.
9
Let g(k) = -4*k + 21. Let d be g(-4). Let h = 42 - d. Calculate the highest common factor of 5 and h.
5
Suppose 5*q + 3*d - 32 = 0, 0 = -5*q + 9*d - 4*d. Suppose q*y - 184 = 148. Let r = y + -27. Calculate the highest common divisor of 7 and r.
7
Let o(a) = 117*a**2 - 10*a - 12. Let c be o(-1). What is the highest common factor of c and 46?
23
Let p(i) = i**2 + 33*i - 296. Let n be p(9). Calculate the highest common divisor of 2 and n.
2
Suppose 3 = -3*f + 4*r, 3*f - 5*r + 3 = -3. Suppose 6*n - 2*n + 4 = -4*c, -f*n - c = -5. Let s be 3*n/9 - -2. What is the greatest common factor of s and 18?
3
Suppose n - 24 = -2*v + 3*v, -4*n + 71 = v. Suppose z = -z. Suppose z = -u + 19. What is the greatest common divisor of u and n?
19
Let f = 372 + -192. What is the greatest common divisor of 36 and f?
36
Suppose -4*n + 651 = 3*f - 9598, -4*f = 5*n - 13667. What is the greatest common factor of f and 21?
21
Suppose 0 = 13*n - 8*n - 10. Suppose 0 = 4*a - a - 3. Suppose 3*p = -4*w + a, 0 = -3*w - 4*p + p. Calculate the highest common divisor of w and n.
1
Let u(l) = -6*l - 1. Let k be u(-2). Let d(c) = -c**2 - 3*c + 19. Let r be d(3). What is the highest common factor of k and r?
1
Let b = 0 + 90. Let y be (20/(-25))/((-3)/b). What is the greatest common divisor of 3 and y?
3
Let j(u) = 30*u + 292. Let q be j(-6). What is the highest common factor of 304 and q?
16
Let n(l) = -l**2 + 9*l - 17. Let j be n(6). Suppose 0*p + p = j. What is the highest common divisor of 7 and p?
1
Suppose -m - 6*m + 4*m = 0. Let c = 12 - m. What is the highest common divisor of 12 and c?
12
Suppose -d = 4*d + 175. Let k = d + 59. Suppose 283 = -3*l + 859. What is the highest common divisor of l and k?
24
Let j(b) = b**2 - 4*b + 3. Let t be j(5). Suppose w - 11 - 6 = -m, 3*w = -5*m + 91. Let v = m - 18. What is the highest common divisor of t and v?
2
Let t(k) = k**2 - k - 72. Let s be t(-9). What is the highest common divisor of s and 33?
3
Let r be ((-6)/(-6))/((-4)/68). Let x be 3 - (-6)/((-18)/21) - r. Let l be ((-22)/(-4))/(1/26). Calculate the highest common factor of l and x.
13
Suppose -147 = 3*c - 6*c. Suppose -40 = -5*k + j, 2*k - 5*j + 6*j = 9. What is the greatest common factor of k and c?
7
Let p be 1 + (1 - 4) - -6. Let s(c) = -2*c**3 - 36*c**2 - 2*c. Let d be s(-18). Calculate the highest common divisor of p and d.
4
Suppose 7 = 3*j - 8. Let i = -22 + 71. Let p = i - j. Calculate the highest common factor of p and 22.
22
Let j = 18 - 16. Suppose 4*v = g + 65, -j*v - 2*v + 70 = -2*g. Let z be 5/3 + 5/v. Calculate the greatest common factor of z and 3.
1
Let n = 50 - 27. Suppose -11*b + 148 = -105. What is the highest common divisor of n and b?
23
Let j be 7*-1 - (-211 + 6). Suppose 2*f - 2*v - 6 = 20, 3*f + 2*v = 64. Calculate the highest common factor of f and j.
18
Let u be (2*7)/1 + -2. Suppose -135 = -s + 3*k, 11*k - 8*k = 4*s - 531. What is the greatest common divisor of s and u?
12
Let u(t) = 2*t**2 + 249*t - 1527. Let p be u(6). Let z = 100 + -22. What is the greatest common factor of z and p?
39
Let g(j) = -3*j**2 + 2*j - 21. Let h be g(0). Let r be h*(15/9 + -2). Calculate the highest common factor of r and 7.
7
Let u be (22 - 20)*(-3)/((-9)/498). Calculate the greatest common divisor of u and 4.
4
Let d(u) = -u**3 - 16*u**2 + 23*u - 2. Let v be d(-19). Calculate the highest common factor of 184 and v.
92
Suppose 721*i = 736*i - 75. Suppose 0 = -5*q - 2*y + 121, 2*q + 106 = 6*q - 3*y. Calculate the highest common factor of i and q.
5
Let m be -4 - (-14)/3 - 20/(-6). Suppose 8 = -2*q, -3*w - 5 = 2*q - 0. Calculate the highest common factor of m and w.
1
Suppose -7*t + t = -30. Suppose -t*s + 69 = 4. Let r = -100 - -165. What is the highest common divisor of s and r?
13
Let x be (1 - 2)*-176*2. Let h = -1186 + 1218. Calculate the greatest common divisor of h and x.
32
Let f = 2 + 6. Let b(m) = -m**2 + 8*m - 13. Let o be b(4). Suppose -4*j + 10 = t + o, 4*j - 2*t = 10. What is the greatest common divisor of j and f?
2
Let y(a) = -a**2 - 17*a + 28. Let k be y(-13). What is the highest common divisor of k and 10?
10
Let q = -14 + -12. Let d be (q/(-5))/(7/140). What is the greatest common factor of d and 13?
13
Suppose 114 = l - 3*l. Let o = 82 + l. Calculate the greatest common divisor of o and 25.
25
Let q(z) = z**2 - 13*z + 27. Let l(h) = h. Let k(r) = 6*l(r) - q(r). Let x be k(12). Calculate the greatest common factor of 38 and x.
19
Let m = 11 + -12. Let o(z) = -7*z + 1. Let q be o(m). Suppose q*c = 6*c + 60. Calculate the greatest common factor of 15 and c.
15
Suppose 0 = 3*j - 3, 0 = 4*u + 5*j - 374 + 113. Let w be 16*1 + u/16. Calculate the highest common factor of w and 40.
20
Suppose 4*y = 2*w + 16, -10*w + 7*w + y + 1 = 0. What is the highest common divisor of 9 and w?
1
Let l(g) = -4*g**3 - 25*g**2 - 3*g - 18. Let s be l(-7). What is the highest common divisor of s and 200?
50
Let t(g) = 1377*g**2 - 2*g + 1. Let p be t(1). Calculate the greatest common factor of p and 32.
32
Suppose -271 + 32 = -4*u + 5*y, -y = -3*u + 171. Calculate the greatest common factor of u and 4.
4
Let b(i) = 3*i**2 - 33*i - 16. Let a be b(18). Let v = -208 + a. Calculate the greatest common divisor of 14 and v.
14
Let q be 11/6*2 + (-452)/678. What is the greatest common divisor of 65 and q?
1
Let v be -1 + 925/1 + -4. Calculate the greatest common divisor of 40 and v.
40
Let c be (-36)/(-27)*6/4. Suppose -c*u + 10 = 0, b + 0*b + 3*u - 103 = 0. Calculate the greatest common divisor of b and 8.
8
Let d be 4 - (58650/(-459) - (-2)/(-9)). Calculate the greatest common divisor of 1980 and d.
132
Let z be ((4 + -4)/(-4))/4. Suppose z = 4*t + 9*t - 260. What is the highest common divisor of t and 50?
10
Let q = 57 - 51. Suppose 7*c - q*c - 21 = 0. What is the greatest common divisor of c and 84?
21
Let i be 6 + 1 - (-2)/2. Let r be (6/i)/((-1)/(-8)). Suppose -35*w + 210 = -0. What is the highest common divisor of w and r?
6
Let f = -367 + 652. What is the highest common divisor of 38 and f?
19
Suppose -2*x = -2*z + 20, z - x = 3*x + 13. Let k = -4 + z. Suppose 0*a - 35 = -k*a. Calculate the highest common divisor of a and 56.
7
Let s be ((-360)/(-27))/(2/6). Let k = s + -60. Let v be ((-42)/7)/(6/k). What is the greatest common divisor of v and 8?
4
Suppose -2*s + 125*d - 126*d + 22 = 0, 4*d = -s - 3. What is the highest common factor of 1235 and s?
13
Suppose 0 = -6*o + 15*o - 405. Calculate the greatest common factor of 6 and o.
3
Let d = -468 - -1203. Calculate the highest common factor of 315 and d.
105
Let g be 12/(-72) + 1250/12. Suppose 0 = -3*k - 3*f - 231, -f - 2 = -0*f. Let d be (-945)/k + 2/5. Calculate the highest common factor of g and d.
13
Let u be (-670)/(-6)*3/5. What is the highest common factor of 268 and u?
67
Let c be (-4)/(7 - 3) - (-45 - -2). Suppose 0*m = -5*m + 70. Calculate the highest common factor of c and m.
14
Suppose -71*s - 2268 = -85*s. Calculate the highest common factor of 234 and s.
18
Let y be ((-7)/(196/(-16)))/((-4)/(-14)). Suppose 4*n + r - 8 = 3*r, y*r - 28 = -5*n. What is the greatest common factor of 2 and n?
2
Suppose 0 = 14*p - 34*p + 300. What is the highest common divisor of 12 and p?
3
Suppose 490 = 5*c + 2*y, -c + 308 = 2*c + 4*y. Let f = c + -38. Calculate th